{"id":83,"date":"2026-01-21T07:30:57","date_gmt":"2026-01-21T07:30:57","guid":{"rendered":"https:\/\/test7.jkhk.edu.ee\/~laura\/?page_id=83"},"modified":"2026-01-22T09:13:59","modified_gmt":"2026-01-22T09:13:59","slug":"tutvustus","status":"publish","type":"page","link":"https:\/\/test7.jkhk.edu.ee\/~laura\/?page_id=83","title":{"rendered":"Tutvustus"},"content":{"rendered":"\n<p class=\"has-large-font-size\">Minu nimi on Laura ja mulle meeldib vahepeal kaamera kaasa v\u00f5tta ja minna loodusesse, eriti varahommikul v\u00f5i \u00f5htul. Just siis on valgus k\u00f5ige pehmem ja rahulikum. Hommikul, kui p\u00f5ike alles t\u00f5useb, on tunne, et loodus \u00e4rkab koos valgusega &#8211; \u00f5hk on vaikne ja rahulik ning k\u00f5ik on kuidagi p\u00e4ris.<\/p>\n\n\n\n<p class=\"has-large-font-size\">Lilli pildistan sellep\u00e4rast, et iga hetk on erinev. Sama lill n\u00e4eb iga kord teistsugune v\u00e4lja, olenevalt valgusest ja ilmast. Selle galerii pildid ongi p\u00fc\u00fctud lihtsalt nendest hetkedest, mis mulle endale silma j\u00e4id.<\/p>\n\n\n\n<p class=\"has-large-font-size\">Lillede galeriis on pildid mis mina arvasin, et meeldiksid ka teistele sama palju, kui need mulle meeldivad. Praegu v\u00f5ite nautida seda kassi pilti \ud83d\ude42 <\/p>\n\n\n\n<div class=\"wp-block-buttons is-horizontal is-content-justification-left is-layout-flex wp-container-core-buttons-is-layout-20be11b6 wp-block-buttons-is-layout-flex\">\n<div class=\"wp-block-button\"><a class=\"wp-block-button__link wp-element-button\" href=\"https:\/\/test7.jkhk.edu.ee\/~laura\">Pildi Galerii<\/a><\/div>\n\n\n\n<div class=\"wp-block-button\"><a class=\"wp-block-button__link wp-element-button\" href=\"https:\/\/test7.jkhk.edu.ee\/~laura\/?page_id=143\">Tagasiside<\/a><\/div>\n<\/div>\n\n\n\n<figure class=\"wp-block-image size-large is-resized\"><img loading=\"lazy\" decoding=\"async\" width=\"576\" height=\"1024\" src=\"https:\/\/test7.jkhk.edu.ee\/~laura\/wp-content\/uploads\/2026\/01\/Snapchat-258646050-576x1024.jpg\" alt=\"\" class=\"wp-image-84\" style=\"aspect-ratio:0.5625198854597518;width:574px;height:auto\" srcset=\"https:\/\/test7.jkhk.edu.ee\/~laura\/wp-content\/uploads\/2026\/01\/Snapchat-258646050-576x1024.jpg 576w, https:\/\/test7.jkhk.edu.ee\/~laura\/wp-content\/uploads\/2026\/01\/Snapchat-258646050-169x300.jpg 169w, https:\/\/test7.jkhk.edu.ee\/~laura\/wp-content\/uploads\/2026\/01\/Snapchat-258646050-768x1365.jpg 768w, https:\/\/test7.jkhk.edu.ee\/~laura\/wp-content\/uploads\/2026\/01\/Snapchat-258646050-864x1536.jpg 864w, https:\/\/test7.jkhk.edu.ee\/~laura\/wp-content\/uploads\/2026\/01\/Snapchat-258646050.jpg 1080w\" sizes=\"auto, (max-width: 576px) 100vw, 576px\" \/><\/figure>\n","protected":false},"excerpt":{"rendered":"<p>Minu nimi on Laura ja mulle meeldib vahepeal kaamera kaasa v\u00f5tta ja minna loodusesse, eriti varahommikul v\u00f5i \u00f5htul. Just siis on valgus k\u00f5ige pehmem ja rahulikum. Hommikul, kui p\u00f5ike alles t\u00f5useb, on tunne, et loodus \u00e4rkab koos valgusega &#8211; \u00f5hk on vaikne ja rahulik ning k\u00f5ik on kuidagi p\u00e4ris. Lilli pildistan sellep\u00e4rast, et iga hetk [&hellip;]<\/p>\n","protected":false},"author":1,"featured_media":0,"parent":0,"menu_order":0,"comment_status":"closed","ping_status":"closed","template":"","meta":{"footnotes":""},"class_list":["post-83","page","type-page","status-publish","hentry"],"_links":{"self":[{"href":"https:\/\/test7.jkhk.edu.ee\/~laura\/index.php?rest_route=\/wp\/v2\/pages\/83","targetHints":{"allow":["GET"]}}],"collection":[{"href":"https:\/\/test7.jkhk.edu.ee\/~laura\/index.php?rest_route=\/wp\/v2\/pages"}],"about":[{"href":"https:\/\/test7.jkhk.edu.ee\/~laura\/index.php?rest_route=\/wp\/v2\/types\/page"}],"author":[{"embeddable":true,"href":"https:\/\/test7.jkhk.edu.ee\/~laura\/index.php?rest_route=\/wp\/v2\/users\/1"}],"replies":[{"embeddable":true,"href":"https:\/\/test7.jkhk.edu.ee\/~laura\/index.php?rest_route=%2Fwp%2Fv2%2Fcomments&post=83"}],"version-history":[{"count":5,"href":"https:\/\/test7.jkhk.edu.ee\/~laura\/index.php?rest_route=\/wp\/v2\/pages\/83\/revisions"}],"predecessor-version":[{"id":148,"href":"https:\/\/test7.jkhk.edu.ee\/~laura\/index.php?rest_route=\/wp\/v2\/pages\/83\/revisions\/148"}],"wp:attachment":[{"href":"https:\/\/test7.jkhk.edu.ee\/~laura\/index.php?rest_route=%2Fwp%2Fv2%2Fmedia&parent=83"}],"curies":[{"name":"wp","href":"https:\/\/api.w.org\/{rel}","templated":true}]}}